{"id":938,"date":"2023-09-18T07:45:10","date_gmt":"2023-09-18T07:45:10","guid":{"rendered":"https:\/\/staging.dongtienviet.com\/?post_type=product&#038;p=938"},"modified":"2024-11-29T02:50:13","modified_gmt":"2024-11-29T02:50:13","slug":"giay-chong-tinh-dien","status":"publish","type":"product","link":"https:\/\/dongtienviet.com\/?product=giay-chong-tinh-dien","title":{"rendered":"Gi\u00e0y ch\u1ed1ng t\u0129nh \u0111i\u1ec7n"},"content":{"rendered":"<p>Gi\u00e0y ch\u1ed1ng t\u0129nh \u0111i\u1ec7n, Th\u1ea5p c\u1ed5, m\u00e0u tr\u1eafng, Linkworld, Trung Qu\u1ed1c, Ch\u1ea5t li\u1ec7u PVC, gi\u00e0y l\u01b0\u1edbi, x\u00e9 d\u00e1n, size 36 &#8211; 45, \u0110i\u00ean t\u1eed, ph\u00f2ng th\u00ed nghi\u1ec7m, ph\u00f2ng s\u1ea1ch<\/p>\n","protected":false},"excerpt":{"rendered":"<p>Gi\u00e0y ch\u1ed1ng t\u0129nh \u0111i\u1ec7n, Th\u1ea5p c\u1ed5, m\u00e0u tr\u1eafng, Linkworld, Trung Qu\u1ed1c<\/p>\n","protected":false},"featured_media":945,"template":"","meta":{"_monsterinsights_skip_tracking":false,"_monsterinsights_sitenote_active":false,"_monsterinsights_sitenote_note":"","_monsterinsights_sitenote_category":0},"product_brand":[],"product_cat":[94],"product_tag":[],"class_list":{"0":"post-938","1":"product","2":"type-product","3":"status-publish","4":"has-post-thumbnail","6":"product_cat-bao-ve-chan","8":"first","9":"instock","10":"shipping-taxable","11":"product-type-simple"},"aioseo_notices":[],"_links":{"self":[{"href":"https:\/\/dongtienviet.com\/index.php?rest_route=\/wp\/v2\/product\/938","targetHints":{"allow":["GET"]}}],"collection":[{"href":"https:\/\/dongtienviet.com\/index.php?rest_route=\/wp\/v2\/product"}],"about":[{"href":"https:\/\/dongtienviet.com\/index.php?rest_route=\/wp\/v2\/types\/product"}],"version-history":[{"count":1,"href":"https:\/\/dongtienviet.com\/index.php?rest_route=\/wp\/v2\/product\/938\/revisions"}],"predecessor-version":[{"id":1362,"href":"https:\/\/dongtienviet.com\/index.php?rest_route=\/wp\/v2\/product\/938\/revisions\/1362"}],"wp:featuredmedia":[{"embeddable":true,"href":"https:\/\/dongtienviet.com\/index.php?rest_route=\/wp\/v2\/media\/945"}],"wp:attachment":[{"href":"https:\/\/dongtienviet.com\/index.php?rest_route=%2Fwp%2Fv2%2Fmedia&parent=938"}],"wp:term":[{"taxonomy":"product_brand","embeddable":true,"href":"https:\/\/dongtienviet.com\/index.php?rest_route=%2Fwp%2Fv2%2Fproduct_brand&post=938"},{"taxonomy":"product_cat","embeddable":true,"href":"https:\/\/dongtienviet.com\/index.php?rest_route=%2Fwp%2Fv2%2Fproduct_cat&post=938"},{"taxonomy":"product_tag","embeddable":true,"href":"https:\/\/dongtienviet.com\/index.php?rest_route=%2Fwp%2Fv2%2Fproduct_tag&post=938"}],"curies":[{"name":"wp","href":"https:\/\/api.w.org\/{rel}","templated":true}]}}